lculate the remainder when 81 is divided by 20.
1
Calculate the remainder when 120 is divided by 61.
59
What is the remainder when 478 is divided by 79?
4
What is the remainder when 1214 is divided by 11?
4
Calculate the remainder when 2046 is divided by 32.
30
Calculate the remainder when 59 is divided by 34.
25
Calculate the remainder when 381 is divided by 77.
73
Calculate the remainder when 115 is divided by 11.
5
Calculate the remainder when 1567 is divided by 488.
103
What is the remainder when 3807 is divided by 68?
67
What is the remainder when 158 is divided by 38?
6
What is the remainder when 7874 is divided by 75?
74
Calculate the remainder when 795 is divided by 4.
3
What is the remainder when 6069 is divided by 66?
63
Calculate the remainder when 7306 is divided by 7.
5
Calculate the remainder when 1336 is divided by 83.
8
What is the remainder when 820 is divided by 25?
20
Calculate the remainder when 257 is divided by 43.
42
Calculate the remainder when 170 is divided by 22.
16
Calculate the remainder when 734 is divided by 123.
119
What is the remainder when 189 is divided by 70?
49
Calculate the remainder when 33 is divided by 12.
9
What is the remainder when 177 is divided by 15?
12
Calculate the remainder when 20 is divided by 17.
3
Calculate the remainder when 62 is divided by 4.
2
Calculate the remainder when 12391 is divided by 51.
49
What is the remainder when 9841 is divided by 5?
1
Calculate the remainder when 833 is divided by 222.
167
Calculate the remainder when 158 is divided by 16.
14
What is the remainder when 55 is divided by 14?
13
What is the remainder when 754 is divided by 17?
6
Calculate the remainder when 87 is divided by 41.
5
Calculate the remainder when 56 is divided by 19.
18
What is the remainder when 522 is divided by 22?
16
Calculate the remainder when 894 is divided by 28.
26
Calculate the remainder when 615 is divided by 56.
55
Calculate the remainder when 777 is divided by 65.
62
What is the remainder when 54 is divided by 8?
6
What is the remainder when 1444 is divided by 62?
18
What is the remainder when 6905 is divided by 2296?
17
What is the remainder when 5952 is divided by 259?
254
Calculate the remainder when 241 is divided by 105.
31
What is the remainder when 223 is divided by 51?
19
Calculate the remainder when 2666 is divided by 21.
20
What is the remainder when 3806 is divided by 35?
26
What is the remainder when 1874 is divided by 75?
74
Calculate the remainder when 99 is divided by 27.
18
What is the remainder when 893 is divided by 56?
53
What is the remainder when 2102 is divided by 162?
158
Calculate the remainder when 3396 is divided by 81.
75
Calculate the remainder when 285 is divided by 13.
12
What is the remainder when 3251 is divided by 7?
3
Calculate the remainder when 155 is divided by 12.
11
Calculate the remainder when 1521 is divided by 168.
9
Calculate the remainder when 8486 is divided by 123.
122
Calculate the remainder when 76 is divided by 24.
4
Calculate the remainder when 2627 is divided by 47.
42
Calculate the remainder when 233 is divided by 85.
63
What is the remainder when 791 is divided by 61?
59
What is the remainder when 41 is divided by 26?
15
What is the remainder when 248 is divided by 90?
68
What is the remainder when 375 is divided by 38?
33
What is the remainder when 1524 is divided by 34?
28
Calculate the remainder when 3309 is divided by 11.
9
What is the remainder when 665 is divided by 332?
1
What is the remainder when 53 is divided by 2?
1
Calculate the remainder when 12787 is divided by 10.
7
Calculate the remainder when 125 is divided by 9.
8
Calculate the remainder when 537 is divided by 18.
15
Calculate the remainder when 121 is divided by 114.
7
Calculate the remainder when 387 is divided by 209.
178
What is the remainder when 594 is divided by 4?
2
What is the remainder when 83 is divided by 61?
22
What is the remainder when 15758 is divided by 16?
14
Calculate the remainder when 550 is divided by 111.
106
What is the remainder when 100 is divided by 8?
4
What is the remainder when 114 is divided by 75?
39
What is the remainder when 314 is divided by 229?
85
Calculate the remainder when 291 is divided by 89.
24
Calculate the remainder when 559 is divided by 112.
111
What is the remainder when 448 is divided by 45?
43
What is the remainder when 448 is divided by 36?
16
Calculate the remainder when 416 is divided by 79.
21
Calculate the remainder when 1195 is divided by 63.
61
Calculate the remainder when 844 is divided by 17.
11
Calculate the remainder when 3772 is divided by 20.
12
What is the remainder when 148 is divided by 49?
1
Calculate the remainder when 396 is divided by 100.
96
What is the remainder when 367 is divided by 177?
13
Calculate the remainder when 1366 is divided by 365.
271
What is the remainder when 476 is divided by 120?
116
Calculate the remainder when 280 is divided by 36.
28
What is the remainder when 33 is divided by 17?
16
Calculate the remainder when 2344 is divided by 69.
67
Calculate the remainder when 274 is divided by 28.
22
Calculate the remainder when 5681 is divided by 98.
95
Calculate the remainder when 155 is divided by 79.
76
What is the remainder when 186 is divided by 71?
44
Calculate the remainder when 115 is divided by 9.
7
What is the remainder when 513 is divided by 53?
36
Calculate the remainder when 312 is divided by 15.
12
What is the remainder when 24406 is divided by 11?
8
What is the remainder when 169 is divided by 60?
49
What is the remainder when 2300 is divided by 12?
8
What is the remainder when 2414 is divided by 26?
22
What is the remainder when 46 is divided by 33?
13
What is the remainder when 213 is divided by 27?
24
What is the remainder when 796 is divided by 17?
14
What is the remainder when 8991 is divided by 16?
15
Calculate the remainder when 695 is divided by 182.
149
Calculate the remainder when 53 is divided by 1.
0
Calculate the remainder when 26 is divided by 18.
8
Calculate the remainder when 1077 is divided by 116.
33
Calculate the remainder when 543 is divided by 8.
7
Calculate the remainder when 451 is divided by 20.
11
What is the remainder when 383 is divided by 23?
15
What is the remainder when 542 is divided by 32?
30
Calculate the remainder when 546 is divided by 112.
98
Calculate the remainder when 59 is divided by 2.
1
Calculate the remainder when 1905 is divided by 21.
15
Calculate the remainder when 112 is divided by 9.
4
What is the remainder when 87 is divided by 49?
38
What is the remainder when 47 is divided by 11?
3
Calculate the remainder when 258 is divided by 52.
50
What is the remainder when 93 is divided by 82?
11
What is the remainder when 1185 is divided by 387?
24
Calculate the remainder when 6208 is divided by 15.
13
What is the remainder when 67 is divided by 48?
19
Calculate the remainder when 921 is divided by 102.
3
What is the remainder when 435 is divided by 11?
6
Calculate the remainder when 205 is divided by 188.
17
Calculate the remainder when 151 is divided by 38.
37
What is the remainder when 3183 is divided by 29?
22
What is the remainder when 694 is divided by 185?
139
What is the remainder when 168 is divided by 46?
30
What is the remainder when 25 is divided by 8?
1
What is the remainder when 917 is divided by 182?
7
What is the remainder when 657 is divided by 11?
8
Calculate the remainder when 196 is divided by 32.
4
Calculate the remainder when 17907 is divided by 37.
36
Calculate the remainder when 1153 is divided by 33.
31
What is the remainder when 69 is divided by 35?
34
Calculate the remainder when 3900 is divided by 122.
118
What is the remainder when 74 is divided by 20?
14
What is the remainder when 167 is divided by 98?
69
Calculate the remainder when 2140 is divided by 1007.
126
Calculate the remainder when 71 is divided by 39.
32
Calculate the remainder when 15595 is divided by 80.
75
What is the remainder when 117 is divided by 55?
7
Calculate the remainder when 117 is divided by 21.
12
Calculate the remainder when 208 is divided by 51.
4
Calculate the remainder when 190 is divided by 179.
11
What is the remainder when 113 is divided by 56?
1
Calculate the remainder when 275 is divided by 67.
7
What is the r